remainder when 153 is divided by 108.
45
Calculate the remainder when 120 is divided by 18.
12
What is the remainder when 6434 is divided by 37?
33
Calculate the remainder when 586 is divided by 1.
0
What is the remainder when 16487 is divided by 17?
14
Calculate the remainder when 16 is divided by 6.
4
Calculate the remainder when 298 is divided by 35.
18
What is the remainder when 649 is divided by 127?
14
Calculate the remainder when 21 is divided by 9.
3
Calculate the remainder when 151 is divided by 60.
31
Calculate the remainder when 206 is divided by 5.
1
What is the remainder when 879 is divided by 132?
87
What is the remainder when 100 is divided by 91?
9
Calculate the remainder when 246 is divided by 42.
36
Calculate the remainder when 614 is divided by 67.
11
What is the remainder when 68 is divided by 12?
8
Calculate the remainder when 1454 is divided by 52.
50
Calculate the remainder when 164 is divided by 136.
28
Calculate the remainder when 8314 is divided by 208.
202
What is the remainder when 757 is divided by 38?
35
Calculate the remainder when 72 is divided by 58.
14
Calculate the remainder when 78 is divided by 31.
16
What is the remainder when 20447 is divided by 8?
7
Calculate the remainder when 410 is divided by 206.
204
Calculate the remainder when 179 is divided by 37.
31
Calculate the remainder when 214 is divided by 13.
6
What is the remainder when 79 is divided by 43?
36
What is the remainder when 95 is divided by 27?
14
Calculate the remainder when 156 is divided by 10.
6
Calculate the remainder when 31812 is divided by 97.
93
Calculate the remainder when 685 is divided by 53.
49
What is the remainder when 284 is divided by 57?
56
What is the remainder when 2238 is divided by 10?
8
Calculate the remainder when 376 is divided by 101.
73
Calculate the remainder when 251 is divided by 63.
62
What is the remainder when 185 is divided by 32?
25
What is the remainder when 3959 is divided by 165?
164
Calculate the remainder when 330 is divided by 48.
42
Calculate the remainder when 1014 is divided by 28.
6
What is the remainder when 6576 is divided by 71?
44
What is the remainder when 26 is divided by 18?
8
Calculate the remainder when 47752 is divided by 9.
7
Calculate the remainder when 201 is divided by 8.
1
Calculate the remainder when 804 is divided by 197.
16
Calculate the remainder when 557 is divided by 374.
183
What is the remainder when 106 is divided by 33?
7
What is the remainder when 1288 is divided by 37?
30
What is the remainder when 2043 is divided by 571?
330
What is the remainder when 633 is divided by 106?
103
What is the remainder when 2707 is divided by 181?
173
Calculate the remainder when 810 is divided by 273.
264
Calculate the remainder when 155 is divided by 78.
77
What is the remainder when 136 is divided by 119?
17
What is the remainder when 264 is divided by 11?
0
Calculate the remainder when 1216 is divided by 23.
20
Calculate the remainder when 3914 is divided by 1950.
14
Calculate the remainder when 2739 is divided by 33.
0
Calculate the remainder when 35 is divided by 20.
15
What is the remainder when 11519 is divided by 20?
19
What is the remainder when 865 is divided by 861?
4
What is the remainder when 26 is divided by 8?
2
What is the remainder when 27383 is divided by 17?
13
What is the remainder when 272 is divided by 59?
36
What is the remainder when 150 is divided by 76?
74
What is the remainder when 937 is divided by 234?
1
What is the remainder when 161 is divided by 82?
79
Calculate the remainder when 583 is divided by 39.
37
What is the remainder when 369 is divided by 17?
12
Calculate the remainder when 672 is divided by 137.
124
Calculate the remainder when 9842 is divided by 23.
21
Calculate the remainder when 14 is divided by 9.
5
Calculate the remainder when 1481 is divided by 491.
8
Calculate the remainder when 433 is divided by 29.
27
Calculate the remainder when 440 is divided by 3.
2
What is the remainder when 18 is divided by 3?
0
What is the remainder when 2583 is divided by 6?
3
What is the remainder when 75 is divided by 16?
11
Calculate the remainder when 1541 is divided by 124.
53
Calculate the remainder when 558 is divided by 512.
46
Calculate the remainder when 81 is divided by 57.
24
Calculate the remainder when 345 is divided by 16.
9
Calculate the remainder when 19 is divided by 19.
0
What is the remainder when 727 is divided by 23?
14
What is the remainder when 28 is divided by 15?
13
What is the remainder when 1900 is divided by 50?
0
What is the remainder when 315 is divided by 3?
0
Calculate the remainder when 1261 is divided by 16.
13
Calculate the remainder when 772 is divided by 211.
139
What is the remainder when 100 is divided by 13?
9
What is the remainder when 30 is divided by 13?
4
What is the remainder when 138 is divided by 8?
2
What is the remainder when 7680 is divided by 197?
194
What is the remainder when 793 is divided by 133?
128
Calculate the remainder when 2849 is divided by 930.
59
Calculate the remainder when 345 is divided by 12.
9
Calculate the remainder when 127 is divided by 41.
4
Calculate the remainder when 38 is divided by 3.
2
What is the remainder when 520 is divided by 87?
85
What is the remainder when 148 is divided by 27?
13
Calculate the remainder when 765 is divided by 150.
15
Calculate the remainder when 1075 is divided by 71.
10
What is the remainder when 105 is divided by 18?
15
Calculate the remainder when 168 is divided by 56.
0
What is the remainder when 958 is divided by 10?
8
Calculate the remainder when 182 is divided by 19.
11
What is the remainder when 324 is divided by 170?
154
What is the remainder when 175 is divided by 67?
41
Calculate the remainder when 254 is divided by 11.
1
Calculate the remainder when 466 is divided by 34.
24
What is the remainder when 1632 is divided by 811?
10
What is the remainder when 696 is divided by 17?
16
Calculate the remainder when 133 is divided by 34.
31
Calculate the remainder when 69 is divided by 55.
14
Calculate the remainder when 195 is divided by 51.
42
What is the remainder when 22 is divided by 3?
1
What is the remainder when 59 is divided by 23?
13
Calculate the remainder when 222 is divided by 135.
87
What is the remainder when 1455 is divided by 28?
27
What is the remainder when 2216 is divided by 2215?
1
Calculate the remainder when 205 is divided by 5.
0
Calculate the remainder when 197 is divided by 91.
15
Calculate the remainder when 139 is divided by 58.
23
Calculate the remainder when 84 is divided by 39.
6
What is the remainder when 66 is divided by 37?
29
What is the remainder when 89 is divided by 15?
14
Calculate the remainder when 337 is divided by 88.
73
Calculate the remainder when 88 is divided by 23.
19
What is the remainder when 106 is divided by 22?
18
Calculate the remainder when 47 is divided by 20.
7
Calculate the remainder when 1428 is divided by 55.
53
Calculate the remainder when 793 is divided by 262.
7
What is the remainder when 302 is divided by 2?
0
Calculate the remainder when 19 is divided by 8.
3
Calculate the remainder when 244 is divided by 13.
10
Calculate the remainder when 159 is divided by 41.
36
Calculate the remainder when 248 is divided by 78.
14
What is the remainder when 219 is divided by 137?
82
What is the remainder when 6527 is divided by 47?
41
What is the remainder when 498 is divided by 129?
111
What is the remainder when 106 is divided by 12?
10
Calculate the remainder when 472 is divided by 243.
229
What is the remainder when 501 is divided by 101?
97
Calculate the remainder when 199 is divided by 20.
19
What is the remainder when 1324 is divided by 408?
100
Calculate the remainder when 93 is divided by 49.
44
What is the remainder when 14963 is divided by 258?
257
What is the remainder when 222 is divided by 14?
12
Calculate the remainder when 317 is divided by 104.
5
Calculate the remainder when 388 is divided by 30.
28
Calculate the remainder when 137 is divided by 21.
11
Calculate the remainder when 120 is divided by 3.
0
What is the remainder when 211 is divided by 108?
103
Calculate the remainder when 3 is divided by 3.
0
Calculate the remainder when 20 is divided by 11.
9
Calculate the remainder when 6